d h.
4
Let w be -12*((6/(-9))/(-2) + -1). What is the highest common factor of w and 4?
4
Let r be (-2)/(-1) - (-9)/(-9). Let z be 19/3 - r/3. What is the highest common factor of 3 and z?
3
Suppose 3*p = 0, -2*w + 9 + 3 = -p. Suppose -2*q + 1098 = -2*m, -554 = -3*q + 2*q - 4*m. Suppose c + q = w*c. What is the greatest common divisor of c and 10?
10
Let j be (825/(-20))/((-6)/16). What is the highest common factor of 22 and j?
22
Let k be ((-7)/(-2))/((-2)/4). Let m = 5 - k. Let h be (-77)/2*(-72)/21. What is the highest common factor of m and h?
12
Let t = 22 - 20. Calculate the greatest common divisor of 14 and t.
2
Let v(q) = q**2 + 14*q - 13. Let y be v(-15). Suppose -y*n + 159 = m - n, 0 = -2*m + 2*n + 322. Calculate the highest common factor of m and 64.
32
Let k = 11 + -8. Let q(l) = l**2 - l - 1. Let p be q(k). Suppose -p*x = -328 - 277. Calculate the highest common factor of x and 11.
11
Let q = 67 + -27. What is the greatest common factor of q and 100?
20
Let a = -8 + 13. Calculate the highest common divisor of a and 15.
5
Suppose 0 = -u + 3, -4*c - 4*u = u - 95. What is the greatest common factor of c and 30?
10
Let j(d) = 2*d**2 - 3*d - 1. Let m be j(2). Let o be 38*m/(-2)*-1. What is the highest common divisor of 38 and o?
19
Let b be (-4)/((-16)/(-6))*2. Let i = 0 - b. Suppose 0 = -o + 4*o - 18. Calculate the highest common divisor of i and o.
3
Let j(a) = -2*a**3 + 2*a + 1. Let d be j(-1). Calculate the greatest common factor of 8 and d.
1
Let g(n) = 11*n**2 + 3*n. Let a be g(3). Let q = 11 + -10. Let z be (-98)/(-8) + q/(-4). Calculate the greatest common divisor of a and z.
12
Suppose 5*z = 3*g - 5*g + 35, g + 4*z = 22. Let a(l) = 2*l**2 + 11*l. Let q be a(-10). Calculate the greatest common divisor of q and g.
10
Let t(h) = 16*h + 17. Let c be t(4). Calculate the greatest common divisor of c and 9.
9
Let y be (5/(-2))/(1/(-2)). Suppose -5*n = -y*f + 8 - 28, 12 = -3*f. Let l = n - -11. Calculate the highest common factor of 99 and l.
11
Suppose 0 = k - 3*k + 4*b + 30, 2*b = -3*k + 77. Suppose 0*m + 4*y - 203 = -m, 0 = -m + 5*y + 212. Calculate the greatest common factor of k and m.
23
Let u = -83 + 119. Calculate the highest common divisor of 9 and u.
9
Let w = 1 - -1. Suppose -5*d + i = -3*d - 305, w*d - 310 = -4*i. What is the highest common divisor of 17 and d?
17
Let b(z) = z - 8. Let l be b(10). Let c be 3 + (1 - 1)/l. What is the greatest common factor of c and 24?
3
Let y = -278 - -524. Calculate the greatest common factor of y and 41.
41
Suppose -3*i - 4*m = -7, i - 2*m = 2*i - 5. Let p be i*(-1 - (-22)/(-3)). What is the greatest common factor of p and 5?
5
Let k be (-10)/(-3)*18/15. Let w be 270/14 + k/(-14). What is the greatest common factor of 95 and w?
19
Suppose 4*b - 3*b - 42 = 2*n, 3*b - 3*n = 117. Let u be (-2)/6 + 56/6. What is the highest common factor of u and b?
9
Let r(c) be the third derivative of c**5/30 - c**4/12 - 2*c**3/3 + c**2. Let k be r(3). What is the greatest common factor of k and 12?
4
Suppose x = 10*x - 432. Calculate the highest common factor of 32 and x.
16
Let x(w) = w**3 + 7*w**2 + 7*w + 7. Let o be x(-6). Let v = 1 - -1. Let u be (3/v + -2)*-2. What is the greatest common factor of u and o?
1
Let j = 2 + -1. Let y = 0 + j. Let d be (0 + y - -3) + -1. What is the greatest common divisor of d and 24?
3
Let d(c) = 17*c**3 - c**2 - c + 1. Let h be d(-1). Let w be h/10*(-210)/12. Calculate the highest common factor of 14 and w.
14
Suppose m - 10 + 61 = 0. Let g = m - -142. What is the greatest common divisor of g and 13?
13
Let o(c) = c**3 - 3*c**2 + 2*c - 2. Suppose -2 = h - 2*h. Let t be o(h). Let w be t - (2 - (-2 - -8)). What is the greatest common factor of w and 16?
2
Suppose -5*w + 5 = -20. Let n = 1 + -3. Let v = n + 7. Calculate the greatest common factor of w and v.
5
Suppose 0 = -m - 0*m + 23. Calculate the highest common factor of 23 and m.
23
Let l = -4 + 4. Let h(b) = -b**2 - b + 7. Let r be h(l). Suppose 4*g = 50 + 6. What is the greatest common divisor of r and g?
7
Suppose -70 = -2*t - 2*n - 0*n, 3*t - 105 = 5*n. Let k = t - 21. Suppose 3*z - 16 = 5. Calculate the highest common divisor of k and z.
7
Let o be ((-6)/12)/(1/(-264)). What is the highest common factor of o and 12?
12
Let o(f) = -f**2 - f + 18. Let b be o(0). Calculate the highest common factor of 198 and b.
18
Suppose -6*g = -2*g - 20. Suppose 0*z = -5*c - 3*z + 41, -c = -g*z - 25. Let u = 30 - c. Calculate the highest common divisor of u and 2.
2
Let u(a) be the third derivative of a**4/24 - 5*a**3/6 + 4*a**2. Let r be u(8). Suppose -o = -5 + r. Calculate the highest common factor of 6 and o.
2
Let k = 167 + -104. Let l = 8 + 1. What is the highest common divisor of l and k?
9
Let p = -28 + 28. Suppose -d - 60 = -2*d - 3*j, p = 3*j + 3. Suppose -52 = -5*n + 53. What is the highest common factor of n and d?
21
Suppose 54 = 3*t + 3*v, -t + 3*v - 6*v = -24. Calculate the highest common factor of 25 and t.
5
Let d be (-6)/(-4)*(-12)/(-9). Suppose -d*c + 136 = 3*p, 0 = -4*p + 8*p + 4*c - 176. Suppose 6 = 4*j - 18. What is the greatest common factor of p and j?
6
Let i be 0 - 2 - (3 - 15). Suppose 4*m + 10 + i = n, 0 = -n + 3*m + 18. What is the greatest common factor of 12 and n?
12
Suppose -9*x = -32 - 22. What is the highest common divisor of 66 and x?
6
Let a be -2 + (2 - -1)*-1. Let t be a*(24/(-5) + -2). Suppose 0*j + 5*j - 425 = 0. What is the highest common divisor of j and t?
17
Suppose -71 + 8 = -5*z + 4*g, 0 = z - 4*g - 19. Calculate the greatest common divisor of 33 and z.
11
Suppose 3*o = -4*c - 111, 0 = -c + 3*o - 3 - 21. Let n = c - -43. Let i = n - 6. What is the greatest common factor of i and 5?
5
Let v be -2*((-8)/16)/(2/84). What is the greatest common divisor of v and 6?
6
Let o be ((-8)/6)/((-1)/36). Let w = -4 - -10. Let a be (-220)/(-14) + w/21. What is the highest common factor of o and a?
16
Let a = 7 + 5. Let c be -5*(0 + (-6)/5). Calculate the greatest common divisor of c and a.
6
Suppose -u + 396 = u. Let a = 53 - -3. Let v = a - 38. What is the greatest common factor of u and v?
18
Let w = 20 + -11. Suppose 2*b - 5 = -y + 16, -12 = -4*y. Let l(x) = 3*x - 9. Let z be l(b). Calculate the greatest common factor of w and z.
9
Let o(k) = 5 + 2 - 4*k**2 + 2*k**3 - 5*k**2 - k**3. Let i be o(9). Calculate the greatest common factor of 7 and i.
7
Let l(j) = -j**3 + 3*j**2 + 6*j - 2. Let n be l(-3). What is the highest common factor of n and 85?
17
Let h be (14 + 1)/(2 + -1). Suppose 0 = -5*w + h + 35. Calculate the greatest common factor of w and 2.
2
Suppose -4*d + 8 = -0*d. Let h(c) = c**3 + 5*c**2 + 2*c. Let k be h(-2). Calculate the greatest common divisor of d and k.
2
Let v = -1 + 9. Let z(k) = -k**2 - 7*k - 5. Let q be z(-7). Let p(n) = -6*n + 2. Let g be p(q). Calculate the greatest common factor of g and v.
8
Let g(k) = 8*k**3 + 4*k**2 - 3*k + 1. Let w be g(2). Suppose 4*u = -2*u + 180. What is the highest common factor of w and u?
15
Let o = 0 - -3. Suppose 3*w - 2 = w + 4*u, o*w + 5*u - 58 = 0. What is the highest common divisor of 55 and w?
11
Let n = 111 - 71. Let v(p) = 0*p**2 + p**3 + 0*p**3 + 4 + 5*p - 6*p**2 + p**2. Let y be v(4). What is the greatest common divisor of n and y?
8
Suppose 3*a - 28 = a. Let g be 44*((-76)/(-24) + 4/12). Calculate the highest common factor of a and g.
14
Suppose 0 = -25*n + 30*n - 240. What is the greatest common divisor of n and 32?
16
Let h(b) = -b - 5. Let l be h(-19). Calculate the highest common factor of l and 42.
14
Let a = -20 - -68. Let o(n) = -n**3 - 4*n**2 + 8*n. Let f be o(-6). What is the highest common divisor of f and a?
24
Let l be -2 + (-744)/(-4) + 0. What is the greatest common factor of 23 and l?
23
Let o(i) = -i**3 - 2*i**2 + 10*i + 6. Let m be o(-7). Let p = -82 + m. What is the greatest common factor of 9 and p?
9
Let y = 15 + -11. Let p be ((-80)/(-50))/(y/30). Calculate the highest common divisor of p and 60.
12
Suppose d + 31 = 2*o, 3*d + 3 = 6*d. Suppose 0 = b - 3*j - 11, -4*b - 3*j + 29 = -0*b. What is the highest common factor of b and o?
8
Let o(a) = 16*a - 3*a + a. Let j be o(2). Suppose x = -2*x + 12. Calculate the highest common factor of j and x.
4
Suppose -64 = -v - v. Let f = 70 - v. Let t be 2/7 + 4367/77.